common factor of 2030 and 118610?
290
What is the greatest common divisor of 2073054 and 146?
146
What is the highest common factor of 38692 and 340?
68
Calculate the highest common factor of 13905 and 1080.
135
What is the highest common divisor of 33480 and 45?
45
Calculate the greatest common divisor of 2781 and 351.
27
What is the greatest common factor of 100 and 329900?
100
What is the greatest common divisor of 418 and 135674?
22
Calculate the greatest common factor of 1188 and 6183.
27
What is the highest common factor of 1035 and 12190?
115
What is the greatest common divisor of 9999 and 1717?
101
What is the highest common divisor of 3869625 and 17?
17
What is the greatest common factor of 6721 and 2002?
143
Calculate the highest common divisor of 86264 and 22304.
328
What is the highest common factor of 42 and 1061739?
21
Calculate the highest common divisor of 3406 and 1310.
262
Calculate the highest common factor of 3698 and 4816.
86
Calculate the greatest common factor of 850 and 252050.
50
What is the greatest common factor of 62 and 45911?
31
Calculate the greatest common divisor of 3950 and 1150.
50
Calculate the greatest common factor of 684833 and 1813.
37
What is the greatest common divisor of 26 and 222183?
13
What is the highest common factor of 11629 and 14?
1
Calculate the greatest common divisor of 33 and 67969.
11
What is the greatest common divisor of 5218 and 4229189?
2609
Calculate the greatest common factor of 14 and 10640.
14
Calculate the highest common factor of 84 and 3437868.
84
What is the highest common factor of 196 and 80640?
28
What is the highest common divisor of 579 and 81?
3
What is the highest common divisor of 381 and 20447?
127
What is the greatest common factor of 73715 and 230?
115
Calculate the highest common divisor of 37506 and 280.
14
Calculate the highest common divisor of 1102219 and 43.
43
What is the greatest common divisor of 5194 and 23744?
742
Calculate the greatest common divisor of 60045 and 30.
15
Calculate the greatest common factor of 531 and 918.
9
Calculate the greatest common factor of 26 and 115349.
13
Calculate the greatest common factor of 8638 and 28.
14
Calculate the highest common divisor of 3910 and 36915.
115
What is the highest common divisor of 6004 and 26228?
316
Calculate the greatest common factor of 172312 and 34.
34
What is the greatest common divisor of 264 and 10516?
44
What is the highest common factor of 4935 and 1785?
105
What is the greatest common factor of 1456 and 79274?
26
Calculate the highest common factor of 11090 and 4.
2
Calculate the greatest common divisor of 752 and 151872.
16
Calculate the greatest common factor of 1639391 and 13.
13
What is the greatest common factor of 119180 and 2525?
505
Calculate the highest common divisor of 18316 and 2660.
76
What is the greatest common divisor of 2823824 and 64?
16
What is the greatest common divisor of 20921888 and 38?
38
What is the highest common divisor of 112 and 25616?
16
What is the greatest common factor of 1377933 and 8841?
1263
What is the highest common factor of 98 and 20825?
49
What is the highest common divisor of 42 and 6016542?
42
What is the greatest common divisor of 24041 and 783?
29
Calculate the highest common factor of 372 and 14996.
4
Calculate the highest common factor of 42 and 12404.
14
What is the highest common divisor of 1427467 and 87?
29
Calculate the highest common divisor of 3206 and 2198.
14
What is the highest common divisor of 5734 and 288042?
122
Calculate the greatest common factor of 31304 and 910.
182
Calculate the highest common divisor of 74840 and 40.
40
Calculate the highest common divisor of 6 and 129189.
3
What is the highest common factor of 748 and 26367?
187
What is the greatest common divisor of 1961 and 10397?
37
What is the greatest common divisor of 3130 and 320?
10
Calculate the greatest common divisor of 1534302 and 84.
42
Calculate the greatest common divisor of 36 and 7672.
4
Calculate the highest common factor of 3498 and 5406.
318
What is the highest common factor of 100 and 1831600?
100
Calculate the greatest common divisor of 320 and 3160.
40
What is the highest common factor of 5285250 and 1740?
870
Calculate the greatest common factor of 745947 and 9.
9
What is the greatest common factor of 2184 and 125944?
728
What is the greatest common factor of 724 and 484?
4
Calculate the highest common divisor of 428376 and 2808.
312
Calculate the highest common factor of 6177 and 6699.
87
What is the greatest common divisor of 912 and 121008?
48
Calculate the greatest common divisor of 740 and 1690.
10
What is the highest common factor of 206325 and 900?
225
Calculate the greatest common factor of 133792 and 555.
37
Calculate the highest common factor of 638435 and 4060.
1015
What is the greatest common factor of 155336 and 1000?
8
What is the greatest common divisor of 6311 and 1?
1
Calculate the highest common divisor of 295882 and 12428.
478
What is the highest common factor of 1453203 and 183?
183
Calculate the highest common factor of 32 and 251152.
16
Calculate the greatest common factor of 8 and 94264.
8
What is the greatest common divisor of 45242 and 194?
2
Calculate the highest common factor of 270876 and 132.
12
Calculate the highest common divisor of 292 and 11534.
146
Calculate the greatest common divisor of 2167 and 101816.
11
Calculate the highest common factor of 6093 and 3447.
9
Calculate the highest common factor of 12 and 19686.
6
Calculate the greatest common divisor of 80600 and 75.
25
What is the greatest common divisor of 8 and 4878616?
8
What is the highest common divisor of 770 and 594?
22
Calculate the highest common divisor of 467853 and 554.
277
What is the greatest common factor of 48 and 334?
2
What is the highest common divisor of 34 and 1124533?
17
Calculate the greatest common divisor of 1067 and 1556753.
1067
Calculate the highest common divisor of 10 and 4855.
5
Calculate the highest common factor of 13152 and 48087.
411
Calculate the greatest common divisor of 66 and 1135662.
66
What is the greatest common factor of 108 and 31728?
12
Calculate the greatest common factor of 114 and 93030.
6
What is the greatest common factor of 400 and 499150?
50
What is the greatest common factor of 23858 and 474?
158
Calculate the greatest common divisor of 306264 and 18.
6
What is the highest common divisor of 172276 and 988?
52
What is the greatest common divisor of 160 and 35640?
40
Calculate the highest common divisor of 53 and 85913.
53
What is the highest common factor of 132600 and 306?
102
Calculate the highest common factor of 990 and 210320.
110
Calculate the greatest common factor of 110 and 1843930.
110
Calculate the greatest common divisor of 142 and 815790.
142
What is the highest common factor of 75501 and 18?
9
What is the greatest common divisor of 130659 and 582?
291
Calculate the greatest common factor of 749500 and 1500.
500
What is the greatest common factor of 57 and 159885?
57
Calculate the greatest common divisor of 63 and 43227.
9
Calculate the greatest common factor of 7865334 and 18.
18
What is the greatest common factor of 120417 and 1848?
33
Calculate the greatest common divisor of 7611 and 1161.
129
Calculate the highest common factor of 170716 and 884.
52
What is the highest common factor of 435 and 95439?
87
What is the highest common factor of 12 and 252816?
12
Calculate the highest common divisor of 1771 and 3312.
23
What is the highest common factor of 340 and 1760?
20
Calculate the greatest common factor of 510 and 24820.
170
Calculate the highest common divisor of 924 and 19943.
77
What is the greatest common divisor of 15842240 and 155?
155
Calculate the highest common divisor of 6380 and 104940.
220
Calculate the greatest common factor of 80 and 397720.
40
What is the greatest common divisor of 5822300 and 2200?
1100
Calculate the greatest common divisor of 1694 and 20185.
11
What is the greatest common divisor of 221 and 3406?
13
Calculate the greatest common divisor of 7450 and 3278.
298
What is the highest common divisor of 565600 and 13160?
280
Calculate the highest common divisor of 5858 and 230280.
202
What is the greatest common factor of 105948 and 64092?
1308
Calculate the great